{"id":30,"date":"2016-10-27T09:48:01","date_gmt":"2016-10-27T08:48:01","guid":{"rendered":"http:\/\/dclrabogados.com\/www\/?page_id=30"},"modified":"2016-12-12T16:24:42","modified_gmt":"2016-12-12T15:24:42","slug":"area-laboral","status":"publish","type":"page","link":"http:\/\/dclrabogados.com\/www\/area-laboral\/","title":{"rendered":"\u00c1rea laboral"},"content":{"rendered":"<p class=\"rtejustify\">Consideramos el factor humano, uno de los pilares principales de toda empresa, del que depende en buena medida su potencial, \u00e9xito e imagen.<\/p>\n<p class=\"rtejustify\">El derecho laboral resulta sumamente din\u00e1mico y cambiante, lo que dificulta su correcta aplicaci\u00f3n y compresi\u00f3n, siendo indispensable contar con el consejo y apoyo de profesionales constantemente actualizados en la materia reguladora vigente.<\/p>\n<p class=\"rtejustify\">DEL CERRO LEON &amp; ROYO ABOGADOS pretende dar una respuesta efectiva y profesional a las necesidades de\u00a0empresas y trabajadores, por lo que cuenta con colaboradores especializados en la materia, destacando entre nuestros servicios:<\/p>\n<ul>\n<li>Asesor\u00eda Laboral a empresas y particulares.<\/li>\n<li>Asistencia, reclamaci\u00f3n o defensa del cliente en conflictos ante organismos administrativos competentes y Juzgado de lo Social en materia de:\n<ul class=\"rteindent1\">\n<li>Despidos<\/li>\n<li>Denuncia de contratos temporales irregulares<\/li>\n<li>Reclamaciones de salarios, liquidaci\u00f3n. Prestaciones del Fondo de Garant\u00eda Salarial.<\/li>\n<li>Accidentes de Trabajo. Incapacidades.<\/li>\n<li>Reclamaciones por mobbing, acoso moral, etc&#8230;<\/li>\n<li>Modificaciones sustanciales de condiciones de trabajo<\/li>\n<li>Procedimientos de prestaciones por jubilaci\u00f3n, invalidez, etc..<\/li>\n<li>Representaci\u00f3n en conciliaciones laborales<\/li>\n<\/ul>\n<\/li>\n<li>Conciliaciones de la vida familiar y laboral: excedencias, reducciones de jornada, etc &#8230;<\/li>\n<li>Modificaciones de condiciones de trabajo<\/li>\n<li>Actuaciones ante sanciones laborales<\/li>\n<\/ul>\n<p>&nbsp;<\/p>\n<p>Del mismo modo, este despacho ofrece una secci\u00f3n de gesti\u00f3n, cuyas funciones principales consisten en:<\/p>\n<ul>\n<li>Confecci\u00f3n de contratos de trabajo<\/li>\n<li>Confecci\u00f3n\u00a0 y presentaci\u00f3n de N\u00f3minas<\/li>\n<li>Tramitaci\u00f3n de altas y bajas<\/li>\n<li>IRPF<\/li>\n<li>TC1 y TC2<\/li>\n<\/ul>\n","protected":false},"excerpt":{"rendered":"<p>Consideramos el factor humano, uno de los pilares principales de toda empresa, del que depende en buena medida su potencial, \u00e9xito e imagen. El derecho laboral resulta sumamente din\u00e1mico y cambiante, lo que dificulta su correcta aplicaci\u00f3n y compresi\u00f3n, siendo indispensable contar con el consejo y apoyo de profesionales constantemente actualizados en la materia reguladora [&hellip;]<\/p>\n","protected":false},"author":3,"featured_media":0,"parent":0,"menu_order":0,"comment_status":"closed","ping_status":"closed","template":"","meta":{"footnotes":""},"class_list":["post-30","page","type-page","status-publish","hentry"],"_links":{"self":[{"href":"http:\/\/dclrabogados.com\/www\/wp-json\/wp\/v2\/pages\/30","targetHints":{"allow":["GET"]}}],"collection":[{"href":"http:\/\/dclrabogados.com\/www\/wp-json\/wp\/v2\/pages"}],"about":[{"href":"http:\/\/dclrabogados.com\/www\/wp-json\/wp\/v2\/types\/page"}],"author":[{"embeddable":true,"href":"http:\/\/dclrabogados.com\/www\/wp-json\/wp\/v2\/users\/3"}],"replies":[{"embeddable":true,"href":"http:\/\/dclrabogados.com\/www\/wp-json\/wp\/v2\/comments?post=30"}],"version-history":[{"count":3,"href":"http:\/\/dclrabogados.com\/www\/wp-json\/wp\/v2\/pages\/30\/revisions"}],"predecessor-version":[{"id":61,"href":"http:\/\/dclrabogados.com\/www\/wp-json\/wp\/v2\/pages\/30\/revisions\/61"}],"wp:attachment":[{"href":"http:\/\/dclrabogados.com\/www\/wp-json\/wp\/v2\/media?parent=30"}],"curies":[{"name":"wp","href":"https:\/\/api.w.org\/{rel}","templated":true}]}}